{"id":2945,"date":"2018-07-17T18:24:43","date_gmt":"2018-07-17T16:24:43","guid":{"rendered":"http:\/\/www.ergotherapie-schwerte.de\/?page_id=2945"},"modified":"2018-07-17T18:24:43","modified_gmt":"2018-07-17T16:24:43","slug":"adhs-beratung","status":"publish","type":"page","link":"https:\/\/www.ergotherapie-schwerte.de\/?page_id=2945","title":{"rendered":"ADHS Beratung"},"content":{"rendered":"<h3 class=\"csc-firstHeader\"><strong>ADHS Beratung<\/strong><\/h3>\n<p>&nbsp;<\/p>\n<div class=\"csc-header csc-header-n1\">\n<p class=\"csc-firstHeader\"><strong>ADHS Beratung und Therapie<\/strong><\/p>\n<p>ADHS ist die Abk\u00fcrzung f\u00fcr Aufmerksamkeits-Defizit-Hyperaktivit\u00e4ts-St\u00f6rung.<br \/>\nEs gibt mehrere Bezeichnungen f\u00fcr diese Erkrankung, z.B. Hyperkinetische St\u00f6rung,<br \/>\nHyperaktivit\u00e4tsst\u00f6rung, Aufmerksamkeitsdefizitst\u00f6rung u.\u00e4.<br \/>\nDie St\u00f6rung ist gepr\u00e4gt von folgenden Leitsymptomen:<\/p>\n<ul>\n<li>Hyperaktivit\u00e4t<\/li>\n<li>Impulsivit\u00e4t<\/li>\n<li>Unaufmerksamkeit<\/li>\n<\/ul>\n<p class=\"bodytext\">Ca. 5 Prozent aller Kinder sollen laut amerikanischen Statistiken an ADHS leiden. Der Schweregrad der St\u00f6rung kann dabei sehr unterschiedlich sein.<br \/>\nJungen sind wesentlich h\u00e4ufiger betroffen als M\u00e4dchen, vor allem, wenn es um die Form von ADHS geht, die sich in Hyperaktivit\u00e4t und erh\u00f6hter Impulsivit\u00e4t \u00e4u\u00dfert. Es gibt aber auch Kinder, darunter viele M\u00e4dchen, die \u00fcberwiegend durch ihre Unaufmerksamkeit und Tr\u00e4umerei auffallen.<\/p>\n<p class=\"bodytext\">Die Diagnose ADHS sollte immer von einem erfahrenen Kinderarzt, bzw. Kinder- und Jugendpsychiater gestellt werden. Dazu werden verschiedene Tests durchgef\u00fchrt, bestimmte andere Erkrankungen m\u00fcssen ausgeschlossen werden und immer wird die Einsch\u00e4tzungen der Eltern, ErzieherInnen und LehrerInnen und anderen Bezugspersonen wie z.B. Gro\u00dfeltern mit einbezogen.<\/p>\n<p>Erst dann kann ein passendes Therapiekonzept erstellt werden. Therapeutisch allg. anerkannt sind u.a. familientherapeutische Ma\u00dfnahmen, verhaltenstherapeutische Interventionen, Information und Beratung der Eltern sowie der beteiligter Institutionen, Elterntraining und evtl. eine medikament\u00f6se Therapie.<\/p>\n<p>Auch die Durchf\u00fchrung einer ergotherapeutischen Ma\u00dfnahme geh\u00f6rt h\u00e4ufig zu einem erfolgreichen Therapiekonzept. Die Aufgabe der Ergotherapie besteht darin, das Kind \/ den Patienten in seiner Handlungsf\u00e4higkeit zu unterst\u00fctzen, sodass alltagsbedingte Situationen angemessen und situationsgerecht ausgef\u00fchrt werden k\u00f6nnen. Das soll durch sinnvolle und zielgerichtete T\u00e4tigkeiten im motorischen oder gestalterischen Bereich erlernt werden. Strukturierung, Organisation, Handlungsplanung und -ausf\u00fchrung sind wichtige Schwerpunkte in der Behandlung.<\/p>\n<p class=\"bodytext\">Weitere ergotherapeutische Ziele sind:<\/p>\n<ul>\n<li>Verbesserung der Selbstwahrnehmung und -einsch\u00e4tzung<\/li>\n<li>Steigerung des Selbstvertrauens<\/li>\n<li>Verbesserung der sozialen Kompetenzen<\/li>\n<li>Eigenregulation<\/li>\n<\/ul>\n<p class=\"bodytext\">Ergotherapie sieht sich dabei immer als Hilfe zur Selbsthilfe!<\/p>\n<\/div>\n","protected":false},"excerpt":{"rendered":"<p>ADHS Beratung &nbsp; ADHS Beratung und Therapie ADHS ist die Abk\u00fcrzung f\u00fcr Aufmerksamkeits-Defizit-Hyperaktivit\u00e4ts-St\u00f6rung. Es gibt mehrere Bezeichnungen f\u00fcr diese Erkrankung, z.B. Hyperkinetische St\u00f6rung, Hyperaktivit\u00e4tsst\u00f6rung, Aufmerksamkeitsdefizitst\u00f6rung u.\u00e4. Die St\u00f6rung ist gepr\u00e4gt&#8230;<\/p>\n","protected":false},"author":2,"featured_media":0,"parent":9,"menu_order":0,"comment_status":"closed","ping_status":"closed","template":"","meta":{"footnotes":""},"_links":{"self":[{"href":"https:\/\/www.ergotherapie-schwerte.de\/index.php?rest_route=\/wp\/v2\/pages\/2945"}],"collection":[{"href":"https:\/\/www.ergotherapie-schwerte.de\/index.php?rest_route=\/wp\/v2\/pages"}],"about":[{"href":"https:\/\/www.ergotherapie-schwerte.de\/index.php?rest_route=\/wp\/v2\/types\/page"}],"author":[{"embeddable":true,"href":"https:\/\/www.ergotherapie-schwerte.de\/index.php?rest_route=\/wp\/v2\/users\/2"}],"replies":[{"embeddable":true,"href":"https:\/\/www.ergotherapie-schwerte.de\/index.php?rest_route=%2Fwp%2Fv2%2Fcomments&post=2945"}],"version-history":[{"count":1,"href":"https:\/\/www.ergotherapie-schwerte.de\/index.php?rest_route=\/wp\/v2\/pages\/2945\/revisions"}],"predecessor-version":[{"id":2946,"href":"https:\/\/www.ergotherapie-schwerte.de\/index.php?rest_route=\/wp\/v2\/pages\/2945\/revisions\/2946"}],"up":[{"embeddable":true,"href":"https:\/\/www.ergotherapie-schwerte.de\/index.php?rest_route=\/wp\/v2\/pages\/9"}],"wp:attachment":[{"href":"https:\/\/www.ergotherapie-schwerte.de\/index.php?rest_route=%2Fwp%2Fv2%2Fmedia&parent=2945"}],"curies":[{"name":"wp","href":"https:\/\/api.w.org\/{rel}","templated":true}]}}