{"id":2934,"date":"2018-07-17T18:24:44","date_gmt":"2018-07-17T16:24:44","guid":{"rendered":"http:\/\/www.ergotherapie-schwerte.de\/?page_id=2934"},"modified":"2018-07-17T18:24:44","modified_gmt":"2018-07-17T16:24:44","slug":"legasthenietraining","status":"publish","type":"page","link":"https:\/\/www.ergotherapie-schwerte.de\/?page_id=2934","title":{"rendered":"Legasthenietraining"},"content":{"rendered":"<h3>Legasthenietraining<\/h3>\n<p>&nbsp;<\/p>\n<p><strong>Legasthenie \/ LRS &#8211; was bedeutet das?<\/strong><\/p>\n<p>Legasthenie, auch spezielle LRS genannt, und Leserechtschreibschw\u00e4che sind nicht dasselbe, wenn auch die Symptomatik dieselbe ist. LRS oder Lese-, Rechtschreib- oder Rechenschw\u00e4che ist eine durch besondere Umst\u00e4nde im Leben des Kindes, von vielen Faktoren verursacht, bedingte und erworbene Problematik. Legasthenie und Dyskalkulie sind im Menschen vorhandene genbedingte, durch Vererbung weitergegebene Veranlagungen. Durch gengesteuerte Entwicklungsprozesse im Gehirn werden die Sinneswahrnehmungen beeinflusst. Dies haben wissenschaftliche Forschungen bewiesen.<\/p>\n<p>Ein legasthener Mensch, bei guter oder durchschnittlicher Intelligenz, nimmt seine Umwelt differenziert anders wahr. Seine Aufmerksamkeit l\u00e4sst, wenn er auf Symbole wie Buchstaben oder Zahlen trifft, nach, da er sie durch seine differenzierten Teilleistungen anders empfindet als nicht legasthene Menschen. Dadurch ergeben sich Schwierigkeiten beim Erlernen des Lesens, Schreibens oder Rechnens. (Dr. Astrid Kopp-Duller, Vorsitzende des E\u00d6LD und Autorin mehrerer B\u00fccher zu diesem Thema)<\/p>\n<p><strong>Wie zeigt sich Legasthenie?<\/strong><\/p>\n<p>Auff\u00e4llig ist zun\u00e4chst die Fehlerh\u00e4ufung, wobei ein Wort im Text einmal richtig und einmal falsch vorkommen kann. Au\u00dferdem sind noch mehr Auff\u00e4lligkeiten zu beobachten, die im Laufe der Schulzeit auftreten k\u00f6nnen.<\/p>\n<p>Hier einige Beispiele:<\/p>\n<ul>\n<li>Leicht ablenkbar, wenn es um Buchstaben und\/oder Zahlen geht, schnelles Erm\u00fcden.<\/li>\n<li>scheinbare Seh- sowie H\u00f6rprobleme, auch \u00f6fter sprachliche M\u00e4ngel<\/li>\n<li>Probleme im Bereich &#8222;Raum und Zeit&#8220;<\/li>\n<li>verkrampfte K\u00f6rperhaltung<\/li>\n<li>unleserliches Schriftbild<\/li>\n<\/ul>\n<p>Des weiteren k\u00f6nnen sich auch Auff\u00e4lligkeiten zeigen, die erstmal nicht mit Legasthenie in Verbindung gebracht werden.<\/p>\n<ul>\n<li>geringes Selbstwertgef\u00fchl<\/li>\n<li>Tr\u00f6deln<\/li>\n<li>\u00dcberaktivit\u00e4t, allgemeine Unruhe<\/li>\n<li>Schulangst<\/li>\n<li>Magen-Darm-Probleme<\/li>\n<\/ul>\n<div id=\"c47\" class=\"csc-default\">\n<p class=\"bodytext\">Diese Probleme k\u00f6nnen auftreten, aber nicht jedes legasthene Kind zeigt alle diese Auff\u00e4lligkeiten.<\/p>\n<\/div>\n<div id=\"c48\" class=\"csc-default\">\n<p class=\"bodytext\"><strong>Legasthenietraining nach der AFS-Methode<\/strong><\/p>\n<p><strong>A<\/strong>\u00a0 =\u00a0 steht f\u00fcr <strong>A<\/strong>ufmerksamkeit<\/p>\n<p><strong>F<\/strong>\u00a0 =\u00a0 steht f\u00fcr <strong>F<\/strong>unktion (Sinneswahrnehmungen)<\/p>\n<p><strong>S<\/strong>\u00a0 =\u00a0 steht f\u00fcr <strong>S<\/strong>ymptom<\/p>\n<p>Um langfristig Erfolge zu sehen, m\u00fcssen alle drei Bereiche trainiert werden. Dies geschieht mit den unterschiedlichsten Materialien, auch unter Einbeziehung des Computers. Ich erstelle einen ganz individuell auf ihr Kind abgestimmten Trainingsplan.<\/p>\n<p>Gerne informiere ich Sie ausf\u00fchrlicher in einem kostenlosen Beratungsgespr\u00e4ch!<\/p>\n<p>Sie k\u00f6nnen mir eine <a class=\"mail\" title=\"\u00d6ffnet ein Fenster zum Versenden einer E-Mail\" href=\"mailto:info@ergotherapie-schwerte.de\">E-Mail<\/a> senden, mich anrufen oder nutzen einfach das bereitgestellte Kontaktformular.<\/p>\n<\/div>\n","protected":false},"excerpt":{"rendered":"<p>Legasthenietraining &nbsp; Legasthenie \/ LRS &#8211; was bedeutet das? Legasthenie, auch spezielle LRS genannt, und Leserechtschreibschw\u00e4che sind nicht dasselbe, wenn auch die Symptomatik dieselbe ist. LRS oder Lese-, Rechtschreib- oder&#8230;<\/p>\n","protected":false},"author":2,"featured_media":0,"parent":9,"menu_order":0,"comment_status":"closed","ping_status":"closed","template":"","meta":{"footnotes":""},"_links":{"self":[{"href":"https:\/\/www.ergotherapie-schwerte.de\/index.php?rest_route=\/wp\/v2\/pages\/2934"}],"collection":[{"href":"https:\/\/www.ergotherapie-schwerte.de\/index.php?rest_route=\/wp\/v2\/pages"}],"about":[{"href":"https:\/\/www.ergotherapie-schwerte.de\/index.php?rest_route=\/wp\/v2\/types\/page"}],"author":[{"embeddable":true,"href":"https:\/\/www.ergotherapie-schwerte.de\/index.php?rest_route=\/wp\/v2\/users\/2"}],"replies":[{"embeddable":true,"href":"https:\/\/www.ergotherapie-schwerte.de\/index.php?rest_route=%2Fwp%2Fv2%2Fcomments&post=2934"}],"version-history":[{"count":3,"href":"https:\/\/www.ergotherapie-schwerte.de\/index.php?rest_route=\/wp\/v2\/pages\/2934\/revisions"}],"predecessor-version":[{"id":2940,"href":"https:\/\/www.ergotherapie-schwerte.de\/index.php?rest_route=\/wp\/v2\/pages\/2934\/revisions\/2940"}],"up":[{"embeddable":true,"href":"https:\/\/www.ergotherapie-schwerte.de\/index.php?rest_route=\/wp\/v2\/pages\/9"}],"wp:attachment":[{"href":"https:\/\/www.ergotherapie-schwerte.de\/index.php?rest_route=%2Fwp%2Fv2%2Fmedia&parent=2934"}],"curies":[{"name":"wp","href":"https:\/\/api.w.org\/{rel}","templated":true}]}}