{"id":3147,"date":"2020-01-29T18:53:30","date_gmt":"2020-01-29T16:53:30","guid":{"rendered":"http:\/\/www.ergotherapie-schwerte.de\/?page_id=3147"},"modified":"2020-01-29T18:53:30","modified_gmt":"2020-01-29T16:53:30","slug":"physiotherapie","status":"publish","type":"page","link":"http:\/\/www.ergotherapie-schwerte.de\/?page_id=3147","title":{"rendered":"Physiotherapie"},"content":{"rendered":"[vc_row type=&#8220;in_container&#8220; full_screen_row_position=&#8220;middle&#8220; scene_position=&#8220;center&#8220; text_color=&#8220;dark&#8220; text_align=&#8220;left&#8220; overlay_strength=&#8220;0.3&#8243; shape_divider_position=&#8220;bottom&#8220;][vc_column column_padding=&#8220;no-extra-padding&#8220; column_padding_position=&#8220;all&#8220; background_color_opacity=&#8220;1&#8243; background_hover_color_opacity=&#8220;1&#8243; column_shadow=&#8220;none&#8220; column_border_radius=&#8220;none&#8220; width=&#8220;1\/1&#8243; tablet_text_alignment=&#8220;default&#8220; phone_text_alignment=&#8220;default&#8220; column_border_width=&#8220;none&#8220; column_border_style=&#8220;solid&#8220;][vc_column_text]\n<h3>Unser physiotherapeutisches Leistungsangebot umfasst:<\/h3>\n<p>.[\/vc_column_text][vc_column_text][\/vc_column_text][vc_row_inner column_margin=&#8220;default&#8220; text_align=&#8220;left&#8220;][vc_column_inner column_padding=&#8220;no-extra-padding&#8220; column_padding_position=&#8220;all&#8220; background_color_opacity=&#8220;1&#8243; background_hover_color_opacity=&#8220;1&#8243; column_shadow=&#8220;none&#8220; column_border_radius=&#8220;none&#8220; width=&#8220;1\/2&#8243; column_border_width=&#8220;none&#8220; column_border_style=&#8220;solid&#8220;][vc_column_text]<strong>Allgemeine Krankengymnastik<\/strong> (KG)<br \/>\nmit aktiven und passiven \u00dcbungen werden die Bewegungsfunktionen wiederhergestellt oder erhalten. Dies f\u00fchrt zur Beseitigung von Funktionsst\u00f6rungen und zur Entspannung oder Kr\u00e4ftigung der Muskulatur<\/p>\n<p><strong>Krankengymnastik auf neurophysiologischer <\/strong><strong>Basis (KG-ZNS)<\/strong><br \/>\nTherapie nach Bobath, Vojta oder PNF. Sie wird angewendet nach z.B. Schlaganfall, Parkinson, MS, Hirnblutungen, L\u00e4hmungen usw.<\/p>\n<p><strong>Manuelle Lymphdrainage<\/strong> &#8211; 30, 45 oder 60 Minuten<br \/>\nbei Lymph\u00f6demen und Lip\u00f6demen, dient dem Abtransport der Gewebefl\u00fcssigkeiten<\/p>\n<p><strong>Atemtherapie<\/strong><br \/>\nwird angewandt bei chronischen obstruktiven Atemwegserkrankungen, z.B. COPD, Asthma[\/vc_column_text][\/vc_column_inner][vc_column_inner column_padding=&#8220;no-extra-padding&#8220; column_padding_position=&#8220;all&#8220; background_color_opacity=&#8220;1&#8243; background_hover_color_opacity=&#8220;1&#8243; column_shadow=&#8220;none&#8220; column_border_radius=&#8220;none&#8220; width=&#8220;1\/2&#8243; column_border_width=&#8220;none&#8220; column_border_style=&#8220;solid&#8220;][vc_column_text]<strong>Manuelle Therapie<\/strong> (MT)<strong><br \/>\n<\/strong>dient der Schmerzreduktion, der Mobilisation der Gelenke und die Beweglichkeit wird verbessert<\/p>\n<p><strong>Massage<\/strong><br \/>\nmit verschiedenen Massagetechniken wird das Wohlbefinden wieder hergestellt und Schmerzen reduziert<\/p>\n<p><strong>Kinesio Taping<\/strong><br \/>\ndient der positiven Beeinflussung der Lymphe, Muskulatur und<br \/>\nGelenkfunktion<\/p>\n<p><strong>W\u00e4rmetherapie\/Rotlicht<\/strong><br \/>\ndient der Schmerzlinderung und verbessert die Durchblutung[\/vc_column_text][\/vc_column_inner][\/vc_row_inner][\/vc_column][\/vc_row]\n","protected":false},"excerpt":{"rendered":"<p>[vc_row type=&#8220;in_container&#8220; full_screen_row_position=&#8220;middle&#8220; scene_position=&#8220;center&#8220; text_color=&#8220;dark&#8220; text_align=&#8220;left&#8220; overlay_strength=&#8220;0.3&#8243; shape_divider_position=&#8220;bottom&#8220;][vc_column column_padding=&#8220;no-extra-padding&#8220; column_padding_position=&#8220;all&#8220; background_color_opacity=&#8220;1&#8243; background_hover_color_opacity=&#8220;1&#8243; column_shadow=&#8220;none&#8220; column_border_radius=&#8220;none&#8220; width=&#8220;1\/1&#8243; tablet_text_alignment=&#8220;default&#8220; phone_text_alignment=&#8220;default&#8220; column_border_width=&#8220;none&#8220; column_border_style=&#8220;solid&#8220;][vc_column_text] Unser physiotherapeutisches Leistungsangebot umfasst: .[\/vc_column_text][vc_column_text][\/vc_column_text][vc_row_inner column_margin=&#8220;default&#8220; text_align=&#8220;left&#8220;][vc_column_inner column_padding=&#8220;no-extra-padding&#8220; column_padding_position=&#8220;all&#8220; background_color_opacity=&#8220;1&#8243; background_hover_color_opacity=&#8220;1&#8243;&#8230;<\/p>\n","protected":false},"author":2,"featured_media":0,"parent":0,"menu_order":0,"comment_status":"closed","ping_status":"closed","template":"","meta":{"footnotes":""},"_links":{"self":[{"href":"http:\/\/www.ergotherapie-schwerte.de\/index.php?rest_route=\/wp\/v2\/pages\/3147"}],"collection":[{"href":"http:\/\/www.ergotherapie-schwerte.de\/index.php?rest_route=\/wp\/v2\/pages"}],"about":[{"href":"http:\/\/www.ergotherapie-schwerte.de\/index.php?rest_route=\/wp\/v2\/types\/page"}],"author":[{"embeddable":true,"href":"http:\/\/www.ergotherapie-schwerte.de\/index.php?rest_route=\/wp\/v2\/users\/2"}],"replies":[{"embeddable":true,"href":"http:\/\/www.ergotherapie-schwerte.de\/index.php?rest_route=%2Fwp%2Fv2%2Fcomments&post=3147"}],"version-history":[{"count":12,"href":"http:\/\/www.ergotherapie-schwerte.de\/index.php?rest_route=\/wp\/v2\/pages\/3147\/revisions"}],"predecessor-version":[{"id":3193,"href":"http:\/\/www.ergotherapie-schwerte.de\/index.php?rest_route=\/wp\/v2\/pages\/3147\/revisions\/3193"}],"wp:attachment":[{"href":"http:\/\/www.ergotherapie-schwerte.de\/index.php?rest_route=%2Fwp%2Fv2%2Fmedia&parent=3147"}],"curies":[{"name":"wp","href":"https:\/\/api.w.org\/{rel}","templated":true}]}}